 1147441?
4
What is the units digit of 138852?
2
What is the thousands digit of 1644436?
4
What is the units digit of 5605?
5
What is the units digit of 676888?
8
What is the hundred thousands digit of 279043?
2
What is the thousands digit of 4278310?
8
What is the tens digit of 494192?
9
What is the units digit of 3180747?
7
What is the units digit of 450740?
0
What is the hundred thousands digit of 455613?
4
What is the units digit of 582146?
6
What is the ten thousands digit of 731313?
3
What is the hundreds digit of 2947484?
4
What is the hundreds digit of 14111572?
5
What is the millions digit of 12782606?
2
What is the hundreds digit of 1833?
8
What is the hundreds digit of 669428?
4
What is the millions digit of 8542316?
8
What is the ten thousands digit of 20506614?
0
What is the thousands digit of 4798432?
8
What is the tens digit of 550665?
6
What is the thousands digit of 1134462?
4
What is the millions digit of 3270721?
3
What is the hundred thousands digit of 1020237?
0
What is the millions digit of 1005300?
1
What is the millions digit of 5351099?
5
What is the thousands digit of 305989?
5
What is the hundreds digit of 2863449?
4
What is the units digit of 559750?
0
What is the ten thousands digit of 197362?
9
What is the thousands digit of 1687139?
7
What is the thousands digit of 7137020?
7
What is the hundreds digit of 45467425?
4
What is the tens digit of 3772389?
8
What is the tens digit of 195644?
4
What is the hundreds digit of 10014821?
8
What is the hundreds digit of 209524?
5
What is the ten thousands digit of 11966?
1
What is the units digit of 2543905?
5
What is the ten thousands digit of 104775?
0
What is the units digit of 81712?
2
What is the thousands digit of 1917655?
7
What is the hundreds digit of 315878?
8
What is the tens digit of 1110245?
4
What is the hundreds digit of 188818?
8
What is the tens digit of 7569200?
0
What is the hundreds digit of 1880234?
2
What is the units digit of 106150?
0
What is the hundred thousands digit of 32369001?
3
What is the hundred thousands digit of 1988297?
9
What is the units digit of 2275895?
5
What is the hundreds digit of 2836158?
1
What is the units digit of 12267034?
4
What is the thousands digit of 5952204?
2
What is the hundred thousands digit of 945751?
9
What is the ten thousands digit of 257929?
5
What is the hundreds digit of 4558788?
7
What is the millions digit of 9182521?
9
What is the thousands digit of 700855?
0
What is the tens digit of 265233?
3
What is the thousands digit of 13210304?
0
What is the hundreds digit of 482192?
1
What is the units digit of 228757?
7
What is the units digit of 357024?
4
What is the ten thousands digit of 49235?
4
What is the units digit of 53208?
8
What is the ten thousands digit of 5045162?
4
What is the thousands digit of 9457515?
7
What is the thousands digit of 20119344?
9
What is the hundred thousands digit of 225547?
2
What is the units digit of 1048114?
4
What is the tens digit of 1082682?
8
What is the thousands digit of 5261243?
1
What is the hundred thousands digit of 1885302?
8
What is the units digit of 397992?
2
What is the ten thousands digit of 1674636?
7
What is the thousands digit of 2694358?
4
What is the tens digit of 560419?
1
What is the ten thousands digit of 12402155?
0
What is the hundred thousands digit of 1886136?
8
What is the tens digit of 6989585?
8
What is the ten thousands digit of 311494?
1
What is the units digit of 526768?
8
What is the hundreds digit of 1866304?
3
What is the thousands digit of 371449?
1
What is the ten thousands digit of 356307?
5
What is the hundred thousands digit of 3005533?
0
What is the hundred thousands digit of 258487?
2
What is the hundreds digit of 3531456?
4
What is the hundreds digit of 34443?
4
What is the tens digit of 409097?
9
What is the tens digit of 14116036?
3
What is the hundreds digit of 38908?
9
What is the millions digit of 2748233?
2
What is the hundred thousands digit of 2538812?
5
What is the hundreds digit of 32808?
8
What is the ten thousands digit of 20578219?
7
What is the ten thousands digit of 41198873?
9
What is the hundred thousands digit of 461467?
4
What is the tens digit of 56552?
5
What is the ten thousands digit of 14708?
1
What is the thousands digit of 2161169?
1
What is the units digit of 3357328?
8
What is the tens digit of 800524?
2
What is the tens digit of 13907798?
9
What is the thousands digit of 1505479?
5
What is the millions digit of 2269958?
2
What is the thousands digit of 15120523?
0
What is the thousands digit of 2257349?
7
What is the thousands digit of 103509?
3
What is the tens digit of 672605?
0
What is the hundreds digit of 108361?
3
What is the thousands digit of 91562?
1
What is the hundreds digit of 4341965?
9
What is the units digit of 37341777?
7
What is the hundreds digit of 535613?
6
What is the millions digit of 3458479?
3
What is the thousands digit of 3053033?
3
What is the hundred thousands digit of 7473177?
4
What is the tens digit of 406359?
5
What is the ten thousands digit of 29561789?
6
What is the thousands digit of 2314251?
4
What is the millions digit of 9685067?
9
What is the hundred thousands digit of 7786703?
7
What is the thousands digit of 41172424?
2
What is the thousands digit of 263858?
3
What is the hundreds digit of 610046?
0
What is the hundreds digit of 336131?
1
What is the hundreds digit of 444935?
9
What is the ten thousands digit of 502998?
0
What is the ten thousands digit of 3010378?
1
What is the tens digit of 7315133?
3
What is the hundreds digit of 114293?
2
What is the tens digit of 4595497?
9
What is the units digit of 11288400?
0
What is the ten thousands digit of 407335?
0
What is the units digit of 146999?
9
What is the millions digit of 4042023?
4
What is the tens digit of 1481327?
2
What is the ten thousands digit of 12442752?
4
What is the units digit of 29607926?
6
What is the hundred thousands digit of 5609557?
6
What is the ten thousands digit of 384588?
8
What is the ten millions digit of 24596537?
2
What is the hundred thousands digit of 298881?
2
What is the thousands digit of 358437?
8
What is the tens digit of 5677030?
3
What is the hundred thousands digit of 2967850?
9
What is the thousands digit of 6960044?
0
What is the ten thousands digit of 66205?
6
What is the hundreds digit of 2865891?
8
What is the hundred thousands digit of 166274?
1
What is the ten thousands digit of 1695321?
9
What is the millions digit of 6514754?
6
What is the hundreds digit of 1298203?
2
What is the hundred thousands digit of 182273?
1
What is the hundred thousands digit of 314533?
3
What is the tens digit of 891498?
9
What is the ten thousands digit of 8104892?
0
What is the hundred thousands digit of 660194?
6
What is the hundred thousands digit of 9990538?
9
What is the ten millions digit of 40016020?
4
What is the millions digit of 1670490?
1
What is the tens digit of 171258?
5
What is the ten thousands digit of 65646?
6
What is the hundreds digit of 2458655?
6
What is the units digit of 1601385?
5
What is the ten thousands digit of 229695?
2
What is the thousands digit of 2292324?
2
What is the hundreds digit of 257729?
7
What is the units digit of 4918634?
4
What is the millions digit of 4433083?
4
What is the tens digit of 1054610?
1
What is the tens digit of 7657892?
9
What is the tens digit of 1650512?
1
What is the hundred thousands digit of 543414?
5
What is the ten thousands digit of 3635748?
3
What is the thousands digit of 3621444?
1
What is the ten thousands digit of 451139?
5
What is the millions digit of 2145851?
2
What is the hundreds digit of 120915?
9
What is the ten thousands digit of 22921?
2
What is the hundreds digit of 87227?
2
What is the ten thousands digit of 14650676?
5
What is the units digit of 592341?
1
What is the ten thousands digit of 13223872?
2
What is the ten thousands digit of 4962552?
6
What is the hundred thousands digit of 26882195?
8
What is the tens digit of 886350?
5
What is the hundred thousands digit of 6239992?
2
What is the hundred thousands digit of 360505?
3
What is the hundreds digit of 395987?
9
What is the tens digit of 229317?
1
What is the millions digit of 5664590?
5
What is the thousands digit of 130687?
0
What is the u